7463
Convert 3103102331 (base 4) to base 9.
1558172
Convert -513100 (base 6) to base 8.
-117634
1111101101000010001000 (base 2) to base 13
b1198a
-34442014 (base 5) to base 15
-6273e
41788 (base 14) to base 6
3215004
What is 10cca38 (base 15) in base 5?
11040302203
15512363 (base 8) to base 11
2023567
101100010011100 (base 2) to base 8
54234
Convert -2030001310 (base 4) to base 16.
-8c074
-c63d0 (base 15) to base 16
-9978c
What is -1534a (base 13) in base 14?
-10895
a04810 (base 11) to base 16
18abad
What is 1021000131 (base 4) in base 5?
34032122
Convert 112112210021 (base 3) to base 12.
11985a
-2010002201 (base 3) to base 14
-11254
Convert -48958 (base 11) to base 14.
-1b900
What is -22448 (base 9) in base 11?
-1025a
Convert 100100100010000111 (base 2) to base 7.
1162160
-23bb (base 14) to base 9
-8504
1112512 (base 6) to base 10
56348
11010111000101100101100 (base 2) to base 8
32705454
105314523 (base 6) to base 14
38669d
-b1a51 (base 16) to base 11
-457755
What is 134146211 (base 7) in base 5?
4214001401
What is 515583 (base 12) in base 16?
1371f3
54351053 (base 6) to base 15
21ddc6
What is 1351202 (base 6) in base 10?
76754
Convert -2112111 (base 4) to base 2.
-10010110010101
-298ca2 (base 16) to base 14
-50c4a6
What is -62305 (base 8) in base 5?
-1311142
What is 14557635 (base 8) in base 11?
1977a10
-19b (base 12) to base 6
-1115
-2628b8 (base 13) to base 7
-10550530
Convert 11012102220210 (base 3) to base 2.
1000100001001000100011
Convert 934370 (base 10) to base 11.
589008
Convert -371473 (base 8) to base 4.
-133030323
Convert -b3b5b6 (base 12) to base 9.
-5266223
Convert -1001011110011101011101100 (base 2) to base 13.
-416a393
Convert -12422412 (base 5) to base 13.
-44288
Convert 100111 (base 6) to base 12.
4637
What is -267118 (base 9) in base 6?
-3253025
What is -64355 (base 8) in base 12?
-13665
-1654100 (base 7) to base 6
-4545405
What is 45567 (base 12) in base 16?
168df
-69a33e (base 15) to base 3
-100111101022012
-178097 (base 10) to base 12
-87095
7463831 (base 10) to base 11
4238761
Convert 1851844 (base 9) to base 8.
3753347
636004 (base 7) to base 6
2205431
What is 1a10bb9 (base 14) in base 7?
215026522
What is 158425 (base 16) in base 2?
101011000010000100101
Convert 386104 (base 14) to base 3.
10122102200221
What is 3106660 (base 7) in base 2?
1011010110110110100
-2111020022101 (base 3) to base 10
-1323361
Convert a7bb83 (base 16) to base 3.
202200110220012
Convert -44560330 (base 7) to base 11.
-21a9681
2643817 (base 11) to base 13
c41600
Convert 320093 (base 10) to base 2.
1001110001001011101
3266211 (base 11) to base 15
783966
Convert 2214435 (base 7) to base 14.
71655
What is 95fe3 (base 16) in base 7?
5136112
2a65 (base 16) to base 11
8177
25231454 (base 7) to base 13
61939a
-1266631 (base 8) to base 15
-7060c
11758b (base 12) to base 11
183270
What is 4002a7 (base 12) in base 6?
33201531
46343116 (base 7) to base 10
4061182
What is 358182 (base 13) in base 15?
1a2990
What is -310255 (base 9) in base 8?
-547160
-1301441401 (base 5) to base 6
-151350231
90790 (base 11) to base 4
200121223
What is -1212233000 (base 4) in base 7?
-3401552
Convert 64b81 (base 12) to base 6.
2503441
-2b5b29 (base 13) to base 7
-12043321
Convert 1202013122 (base 4) to base 15.
7e122
What is -11240138 (base 9) in base 3?
-101021100011022
What is -220503 (base 16) in base 13?
-600a47
-1010001010111101111111 (base 2) to base 12
-a87053
What is 12000211211 (base 3) in base 10?
99031
What is -29a9ba (base 14) in base 6?
-51032252
What is 122a404 (base 12) in base 4?
31200333010
What is 307652 (base 10) in base 16?
4b1c4
46b421 (base 12) to base 13
30b797
4225245 (base 6) to base 12
9b225
What is 58784 (base 9) in base 13?
14b57
What is -100112332012 (base 4) in base 12?
-152985a
-104414215 (base 6) to base 13
-516821
What is 570b7 (base 16) in base 7?
3013314
What is 1460113 (base 8) in base 7?
3360162
7a5a4b (base 13) to base 6
142033515
What is 1001002222222 (base 3) in base 2?
10000111000101011110
-102100301331 (base 4) to base 2
-10010010000110001111101
-1220a7a (base 11) to base 7
-24025061
What is -110001111010001 (base 2) in base 12?
-12955
-412ea (base 15) to base 8
-623321
-dc56a (base 15) to base 3
-1022120000101
379aa9 (base 11) to base 10
598948
-1206331 (base 7) to base 2
-100101011110010010
-475235b (base 12) to base 11
-7871204
Convert -424024 (base 9) to base 5.
-31033011
What is -222d5b5 (base 14) in base 10?
-16248363
What is 16047333 (base 8) in base 10?
3690203
Convert 101431 (base 10) to base 15.
200c1
-12031230131 (base 4) to base 5
-404111312
3b940 (base 14) to base 11
a06a6
Convert 100100011100111001110011 (base 2) to base 3.
122222110210001
What is -2ca43 (base 14) in base 6?
-2221255
587d9 (base 14) to base 3
101221202000
211103130021 (base 4) to base 9
20354173
Convert 14478 (base 15) to base 6.
1221322
What is -1534350 (base 7) in base 4?
-303120021
What is 373402 (base 8) in base 3?
20112122021
What is 101201000220210 (base 3) in base 7?
66233112
What is -1948498 (base 12) in base 10?
-5322932
What is -32b77 (base 14) in base 16?
-1e075
What is 183878 (base 10) in base 9?
310208
Convert 3843c (base 13) to base 11.
71143
55525430 (base 6) to base 5
412110144
431613 (base 11) to base 6
22443210
Convert 112220101 (base 4) to base 5.
10431224
What is 4987 (base 15) in base 12?
9084
Convert -311332010020 (base 4) to base 6.
-1223123144
What is -10011111101001000 (base 2) in base 11?
-56456
Convert -563742 (base 11) to base 6.
-31125203
What is -158a166 (base 13) in base 5?
-3233341420
Convert 614401 (base 8) to base 12.
99595
Convert 2780641 (base 11) to base 7.
55462200
-11266051 (base 7) to base 16
-f204a
245640316 (base 7) to base 2
111011001101101101000001
Convert 1a15739 (base 12) to base 11.
311a873
-33342442 (base 5) to base 11
-190566
Convert 4450115 (base 7) to base 3.
1000221022022
Convert -705604 (base 8) to base 10.
-232324
Convert 1010000110210 (base 3) to base 12.
245b03
What is 456b52 (base 13) in base 15?
226c90
What is 13000212 (base 5) in base 7?
1030412
Convert -2404110 (base 6) to base 8.
-364612
-668133 (base 14) to base 15
-48b008
What is 2012021111 (base 5) in base 9?
7502287
What is 3263646 (base 7) in base 4?
1202032110
What is 958c (base 16) in base 6?
453124
10146236 (base 8) to base 4
20030302132
271620 (base 10) to base 4
1002110010
32211121 (base 4) to base 2
1110100101011001
Convert -3974962 (base 11) to base 3.
-110221012010122
What is -2c11b (base 15) in base 4?
-202222301
Convert -19c772 (base 14) to base 10.
-917968
What is -4421220 (base 5) in base 3?
-10212211221
Convert a2350 (base 11) to base 2.
100100011111110010
Convert -40211423 (base 6) to base 11.
-707247
Convert -98b347 (base 12) to base 3.
-11120012022001
What is 34766403 (base 8) in base 14?
101a9b5
What is 68289 (base 11) in base 3?
12000120111
Convert -13813 (base 9) to base 2.
-10010011000000
What is -1d821f (base 16) in base 2?
-111011000001000011111
Convert -2402453 (base 6) to base 9.
-210446
-443513 (base 6) to base 2
-1001000100000101
Convert -7134 (base 9) to base 16.
-145f
What is -110011011110011010111 (base 2) in base 16?
-19bcd7
-1031513145 (base 6) to base 9
-22633072
311102331 (base 4) to base 15
44a36
Convert -1802dc6 (base 14) to base 11.
-6757904
Convert 5214474 (base 10) to base 4.
103321010022
Convert 285cc (base 13) to base 12.
37993
What is -135b80 (base 16) in base 2?
-100110101101110000000
1322042 (base 5) to base 3
1100101022
What is 12350 (base 13) in base 11?
2320a
What is 10d2c89 (base 15) in base 11?
6896668
Convert -2000200022221 (base 3) to base 5.
-233414440
Convert -1335996 (base 10) to base 5.
-320222441
-286516 (base 14) to base 6
-50003304
What is -12100021210011 (base 3) in base 8?
-12652732
Convert -20600251 (base 7) to base 4.
-12222301132
Convert -1516011 (base 10) to base 5.
-342003021
Convert 743ba6 (base 13) to base 3.
12010021201102
What is 6543a (base 15) in base 14?
852a0
-1d7b42d (base 14) to base 12
-4b69095
Convert 2119bb3 (base 12) to base 8.
27700167
Convert -100000111000010000 (base 2) to base 4.
-200320100
326320 (base 7) to base 10
57442
What is 719a11 (base 11) in base 12?
478627
Convert 50130345 (base 7) to base 5.
2030020110
-5ba3b (base 12) to base 11
-85327
-240